 - -16. What is the remainder when 37 is divided by n?
11
Suppose -3*x - x = -80. Let n = -27 + 14. Let v = x + n. Calculate the remainder when 12 is divided by v.
5
Suppose j + 209 = 4*l, -5*j + 2*l - 256 - 861 = 0. Calculate the remainder when (2/(-6))/(3/j) is divided by 7.
4
Let u(w) = w**2 - 6*w - 29. What is the remainder when 77 is divided by u(-5)?
25
Let b(y) = y**2 + 4*y + 5. Let j(h) = -h**3 + 3*h**2 + h + 5. Let x be j(4). Calculate the remainder when b(x) is divided by 9.
8
Suppose -15 = 4*l - 7*l. Let z(r) = r**3 + 5*r**2 - 2*r - 5. Let b be z(-5). Calculate the remainder when (-86)/(-10) - (-2)/b is divided by l.
4
Suppose 2 = -2*x - 4, 8 = -p - 2*x. Calculate the remainder when 25 is divided by 1*(-5)/(-1) - p.
4
Suppose 9 = 3*a - 0, 4*g = 3*a + 219. Suppose g = j + 2*j. Suppose -4 = -2*x + 10. What is the remainder when j is divided by x?
5
Let d = 5 + -5. Suppose -3*n = -2*n - 2. Calculate the remainder when (-3 - d) + n + 17 is divided by 6.
4
Let q(i) = i**3 + 3*i**2 + 2*i + 2. Let k be q(-2). Let o = 9 - k. What is the remainder when 20 is divided by o?
6
Suppose -z + 0 + 4 = 0. Suppose 0 = -4*r - 4*k + 4, 5*k = r - 17 + 4. Calculate the remainder when z is divided by r.
1
Suppose 0 = -9*h + 10*h - 209. What is the remainder when h is divided by 42?
41
What is the remainder when -2*(-4)/(8/73) is divided by 26?
21
Calculate the remainder when 23 is divided by 10 - 0 - (-19 - -16).
10
Suppose -3*z = -2*y + 32, 3*y - 24 = 4*z + 26. Suppose -3*m = 5*b - 14, 2*m + 0 = -3*b + 10. Calculate the remainder when y is divided by m.
6
What is the remainder when 58 + (0 - -3) + -2 is divided by 15?
14
Let i(t) = t + 5. Let b be i(-5). Suppose -2*s = -0 + 6, -5*k - 2*s + 59 = b. What is the remainder when 25 is divided by k?
12
Let v(o) = -o**3 + 6*o**2 + 4*o - 4. Let g be 3 + 10/(-2) - -8. Calculate the remainder when 59 is divided by v(g).
19
Let x = 9 - 3. Suppose -5*u - x = -1. What is the remainder when 12 + (u - -2)*-1 is divided by 6?
5
Let y be 3*(-71)/(-3) - -1. Suppose -2*l = -5*o + l + y, -5*l - 80 = -5*o. Calculate the remainder when 23 is divided by o.
11
Suppose -7*z + 51 = -4*z. What is the remainder when 82 is divided by z?
14
Suppose -11 = 2*u + 4*q + 99, 3*u = -4*q - 173. Let p = -42 - u. Calculate the remainder when p is divided by 6.
3
Let c = -20 + 42. What is the remainder when 43 is divided by c?
21
What is the remainder when -11*(-10 - (-1 + 0)) is divided by 34?
31
Let w(n) = 11*n**2 - 2*n + 8. What is the remainder when w(2) is divided by 17?
14
Let m = 52 - 32. What is the remainder when 57 is divided by m?
17
Let g(m) = m**3 - 2*m**2 - 6*m - 5. Let s be g(5). Suppose 0 = 7*x - 3*x - s. What is the remainder when 1*-29*(-1 - 0) is divided by x?
9
Suppose 0 = 8*g - 3*g. Let v = 13 + g. What is the remainder when 38 is divided by v?
12
Let d = 43 - 28. Suppose -210 + 38 = -4*g. Calculate the remainder when g is divided by d.
13
Suppose 4*p - 5*b = 213, 7*p - 11*p + 205 = 3*b. Calculate the remainder when 207 is divided by p.
51
Suppose 145 = 4*g + g. What is the remainder when g is divided by 8?
5
What is the remainder when (-10 - -5) + 5 + 133 is divided by 15?
13
Suppose l - 4*a = 9, l + 5*a - 44 = -2*l. Let s(o) = o**2 + 2*o - 2. Let h be s(-2). Let g = h + 27. What is the remainder when g is divided by l?
12
Let d = 91 + -54. Suppose 0 = -3*u - 2*f + 20, -4*u = -2*u - 4*f - 8. Calculate the remainder when d is divided by (2/u)/(3/117).
11
Let f = 5 - 0. Suppose l - f = 12. What is the remainder when 32 is divided by l?
15
Let a be -2 + 3 + (-129)/(-1). Suppose 5*n - 21 = -2*h, -5*h = -2*n - n - a. Calculate the remainder when 45 is divided by h.
22
Suppose 3*c + 2*c = -5, w = -3*c - 2. Suppose 0 = -2*k + 2, 4*z + 3*k = -z + 13. Calculate the remainder when z is divided by w.
0
Suppose -31 = -4*f + 5. Let s(v) be the second derivative of -v**5/20 + v**3/6 + v**2/2 - v. What is the remainder when s(-3) is divided by f?
7
Let n(h) = -h**2 + 14*h - 26. Let z be n(12). Suppose 29 = o + 3. What is the remainder when o/((-2)/z) + -1 is divided by 7?
4
Let s = 9 - 6. Suppose -33 = -5*d - 2*n, n + 0 = -1. What is the remainder when d is divided by s?
1
Let v(o) = -o**2 - 7*o - 5. Let g be v(-6). Let x = 4 - g. Calculate the remainder when x is divided by 2.
1
Suppose -3*c = -3*n + 4359, 5804 = -4*c - 2*n + 4*n. What is the remainder when 4/(-6)*c/14 is divided by 18?
15
Let h(m) = -m - 4. Let s = 1 + -5. Let p be h(s). Suppose p = -4*n + 11 + 21. Calculate the remainder when n is divided by 5.
3
Let h(r) = 2*r**2 + 8*r. Let q be h(-6). Let n be 3*(0 + (-16)/3). Let c = q + n. Calculate the remainder when 15 is divided by c.
7
Let h = 18 + -16. Calculate the remainder when 4 is divided by h.
0
Suppose 5*x + 6 = -4*l + 33, 3*l + x = 12. Suppose p - 2*s = 11, 5*p - 6 - 13 = s. Calculate the remainder when p is divided by l.
0
Let j(p) = 6*p**2 - 3*p + 4. Calculate the remainder when j(3) is divided by 15/(-5) - 0 - -20.
15
Let m(k) = 5*k - 10. Let z be m(7). Suppose 2*y = -4*a + 30, y - a = 4*y - z. Calculate the remainder when y is divided by 5.
2
Let o = 0 + 2. Let h be o - (0 - 9/3). Suppose 3*f = -h*t - f + 30, -5*t + 3*f - 5 = 0. Calculate the remainder when 4 is divided by t.
0
Let j(r) = -r**3 + 4*r**2 - r - 1. Let i be j(3). Suppose f - 44 = -2*c, -2*f + 3*c = -i*f + 135. What is the remainder when f is divided by 24?
22
Let i = -4 + 18. Suppose -15 = -2*s - s. Suppose s*z - 140 = -o, 12 = 4*o - 8. Calculate the remainder when z is divided by i.
13
What is the remainder when (-12)/15 - (3 + 49/(-5)) is divided by 2?
0
Suppose 5*y - 16 = y. Suppose 3*i - 35 = y. What is the remainder when ((-24)/7)/((-8)/84) is divided by i?
10
Suppose 0 = 2*d + 25 - 81. Let v(y) = 16*y**3 - 4*y**2 - y. What is the remainder when v(2) is divided by d?
26
Let y = 34 - 21. Let p = 20 - y. Calculate the remainder when 13 is divided by p.
6
Suppose 23 = -4*h + 3. What is the remainder when 49 is divided by 2/5 + (-128)/h?
23
Suppose 0*b - 3*b + 51 = 0. What is the remainder when 32 is divided by b?
15
Let h be (-1*8)/((-1)/(-1)). Let l be (h/(-10))/((-6)/(-15)). Suppose 0*g - 14 = -l*g. What is the remainder when g is divided by 4?
3
Let t(c) = -3*c**2 - 4*c - 3. Let w(y) = 4*y**2 + 5*y + 4. Let x(g) = -3*t(g) - 2*w(g). Let k(f) = -f - 4. What is the remainder when k(-5) is divided by x(-2)?
0
Suppose 0 = -7*u + u + 570. What is the remainder when u is divided by 17?
10
Suppose -7*f + 2*f + 25 = 0. Let h(l) = 2*l**2 - 5*l - 3. What is the remainder when h(f) is divided by (6/18)/(1/24)?
6
Suppose 3*j = -4*d - 0*d + 43, 0 = -j - 5*d - 4. What is the remainder when j is divided by 8?
5
Let b(n) = -n**3 + 15*n**2 - 12*n - 1. Calculate the remainder when 106 is divided by b(14).
25
Let f = 12 + -7. Suppose -4*t = -9*t + 15. Suppose -t*u = -u - 28. What is the remainder when u is divided by f?
4
Let a(t) = -3*t**3 - t**2 + t - 3. Calculate the remainder when 118 is divided by a(-2).
13
Suppose -4*w + 232 = w - 2*l, -4*w + 184 = -2*l. Calculate the remainder when w is divided by 17.
14
Suppose -3*a = 21 - 57. Let w = -5 - -7. Let m = w + 5. What is the remainder when a is divided by m?
5
Suppose 0 = -3*g - t + 88 + 428, 0 = -4*g + 3*t + 701. Calculate the remainder when g is divided by 35.
33
Let o = 297 - 185. Let h be (8/(-6))/((-2)/6). Suppose o = -0*g + h*g. What is the remainder when g is divided by 10?
8
Let b(s) = -6*s - 41. What is the remainder when 20 is divided by b(-8)?
6
Suppose 2*l + l - 29 = m, -2*m = -3*l + 34. Let y = 27 + -12. Calculate the remainder when y is divided by l.
7
Let j = 3 - -7. Let o = j + -5. Calculate the remainder when ((-84)/15 - -3)*-5 is divided by o.
3
Suppose -1 = -n + 9. Suppose -3*m = -4*v - 66, 75 = m + 3*m - v. Suppose m = -k + 4*k. What is the remainder when n is divided by k?
4
Suppose 2*a - a - 4 = 0. Let q(z) = z**3 - 6*z**2 - 6*z + 5. Let j(t) = 1. Let p(i) = -2*j(i) + q(i). Calculate the remainder when p(7) is divided by a.
2
Let a = -79 + 135. Let k = -40 + a. What is the remainder when k is divided by (1/(-2))/((-2)/24)?
4
Suppose -c = 3*c + 16. Let u(n) = -2*n - 1. Let x = -14 + 34. Calculate the remainder when x is divided by u(c).
6
Let h be ((-51)/2)/(30/(-40)). What is the rema